{"id":5291,"date":"2023-12-14T15:24:33","date_gmt":"2023-12-14T15:24:33","guid":{"rendered":"https:\/\/crosslog.com\/2023\/?page_id=5291"},"modified":"2024-12-03T00:12:01","modified_gmt":"2024-12-03T00:12:01","slug":"mentions-legales","status":"publish","type":"page","link":"https:\/\/crosslog.com\/2023\/mentions-legales\/","title":{"rendered":"Mentions l\u00e9gales"},"content":{"rendered":"\t\t<div data-elementor-type=\"wp-page\" data-elementor-id=\"5291\" class=\"elementor elementor-5291\">\n\t\t\t\t\t\t<section class=\"elementor-section elementor-top-section elementor-element elementor-element-2520a1d elementor-section-height-min-height elementor-section-boxed elementor-section-height-default elementor-section-items-middle\" data-id=\"2520a1d\" data-element_type=\"section\" data-settings=\"{&quot;background_background&quot;:&quot;classic&quot;}\">\n\t\t\t\t\t\t<div class=\"elementor-container elementor-column-gap-default\">\n\t\t\t\t\t<div class=\"elementor-column elementor-col-100 elementor-top-column elementor-element elementor-element-8d10b16\" data-id=\"8d10b16\" data-element_type=\"column\">\n\t\t\t<div class=\"elementor-widget-wrap elementor-element-populated\">\n\t\t\t\t\t\t<section class=\"elementor-section elementor-inner-section elementor-element elementor-element-a4a1d61 elementor-section-full_width elementor-section-height-default elementor-section-height-default\" data-id=\"a4a1d61\" data-element_type=\"section\">\n\t\t\t\t\t\t<div class=\"elementor-container elementor-column-gap-default\">\n\t\t\t\t\t<div class=\"elementor-column elementor-col-50 elementor-inner-column elementor-element elementor-element-23bf981\" data-id=\"23bf981\" data-element_type=\"column\">\n\t\t\t<div class=\"elementor-widget-wrap elementor-element-populated\">\n\t\t\t\t\t\t<div class=\"elementor-element elementor-element-7348b69 elementor-widget elementor-widget-heading\" data-id=\"7348b69\" data-element_type=\"widget\" data-widget_type=\"heading.default\">\n\t\t\t\t<div class=\"elementor-widget-container\">\n\t\t\t<h2 class=\"elementor-heading-title elementor-size-default\">Mentions L\u00e9gales\n<\/h2>\t\t<\/div>\n\t\t\t\t<\/div>\n\t\t\t\t<div class=\"elementor-element elementor-element-d57a2b6 elementor-hidden-tablet elementor-hidden-mobile elementor-widget elementor-widget-heading\" data-id=\"d57a2b6\" data-element_type=\"widget\" data-widget_type=\"heading.default\">\n\t\t\t\t<div class=\"elementor-widget-container\">\n\t\t\t<h2 class=\"elementor-heading-title elementor-size-default\">Crosslog International<\/h2>\t\t<\/div>\n\t\t\t\t<\/div>\n\t\t\t\t<div class=\"elementor-element elementor-element-2bec290 elementor-widget elementor-widget-text-editor\" data-id=\"2bec290\" data-element_type=\"widget\" data-widget_type=\"text-editor.default\">\n\t\t\t\t<div class=\"elementor-widget-container\">\n\t\t\t\t\t\t\t<p>Derni\u00e8re mise \u00e0 jour : 26 f\u00e9vrier 2024<\/p>\t\t\t\t\t\t<\/div>\n\t\t\t\t<\/div>\n\t\t\t\t\t<\/div>\n\t\t<\/div>\n\t\t\t\t<div class=\"elementor-column elementor-col-50 elementor-inner-column elementor-element elementor-element-ba27e0f\" data-id=\"ba27e0f\" data-element_type=\"column\">\n\t\t\t<div class=\"elementor-widget-wrap\">\n\t\t\t\t\t\t\t<\/div>\n\t\t<\/div>\n\t\t\t\t\t<\/div>\n\t\t<\/section>\n\t\t\t\t\t<\/div>\n\t\t<\/div>\n\t\t\t\t\t<\/div>\n\t\t<\/section>\n\t\t\t\t<section class=\"elementor-section elementor-top-section elementor-element elementor-element-45b58ea elementor-section-boxed elementor-section-height-default elementor-section-height-default\" data-id=\"45b58ea\" data-element_type=\"section\">\n\t\t\t\t\t\t<div class=\"elementor-container elementor-column-gap-default\">\n\t\t\t\t\t<div class=\"elementor-column elementor-col-100 elementor-top-column elementor-element elementor-element-7274d06\" data-id=\"7274d06\" data-element_type=\"column\">\n\t\t\t<div class=\"elementor-widget-wrap elementor-element-populated\">\n\t\t\t\t\t\t<div class=\"elementor-element elementor-element-13cad92 elementor-widget elementor-widget-text-editor\" data-id=\"13cad92\" data-element_type=\"widget\" data-widget_type=\"text-editor.default\">\n\t\t\t\t<div class=\"elementor-widget-container\">\n\t\t\t\t\t\t\t<p>Le site Internet crosslog.com, ci-apr\u00e8s \u00ab le Site \u00bb, est \u00e9dit\u00e9 par la soci\u00e9t\u00e9 Crosslog International, soci\u00e9t\u00e9 anonyme au capital de [montant du capital social] euros, dont le si\u00e8ge social est situ\u00e9 au 40 Rue d&rsquo;Arcueil, 94150 Rungis, France, immatricul\u00e9e au Registre du Commerce et des Soci\u00e9t\u00e9s de Cr\u00e9teil sous le num\u00e9ro [num\u00e9ro d\u2019immatriculation], ci-apr\u00e8s \u00ab la Soci\u00e9t\u00e9 \u00bb.<\/p><p>\u00a0<\/p><p><strong>Directeur de la publication :<\/strong> Alain SEBBAN, agissant en qualit\u00e9 de Directeur G\u00e9n\u00e9ral de Crosslog International.<\/p><p>\u00a0<\/p><p><strong>H\u00e9bergement du Site :<\/strong> Inedys Group, 12 Rue Gutenberg 91620 Nozay, France. T\u00e9l\u00e9phone: 01 70 84 99 60.<\/p><p>\u00a0<\/p><p><strong>Contact :<\/strong> Pour toute question ou demande d\u2019information concernant le site, ou tout signalement de contenu ou d\u2019activit\u00e9s illicites, l\u2019utilisateur peut contacter l\u2019\u00e9diteur \u00e0 l\u2019adresse email suivante : service.support@crosslog.fr ou adresser un courrier recommand\u00e9 avec accus\u00e9 de r\u00e9ception \u00e0 : Crosslog International SA, 40 Rue d&rsquo;Arcueil, 94150 Rungis, France.<\/p><p>\u00a0<\/p><p><strong>CNIL :<\/strong> Crosslog International respecte la vie priv\u00e9e de ses utilisateurs et s\u2019engage dans la protection des donn\u00e9es personnelles conform\u00e9ment \u00e0 la loi n\u00b0 78-17 du 6 janvier 1978 relative \u00e0 l\u2019informatique, aux fichiers et aux libert\u00e9s et au R\u00e8glement (UE) 2016\/679 du Parlement europ\u00e9en et du Conseil du 27 avril 2016 relatif \u00e0 la protection des personnes physiques \u00e0 l&rsquo;\u00e9gard du traitement des donn\u00e9es \u00e0 caract\u00e8re personnel et \u00e0 la libre circulation de ces donn\u00e9es (RGPD). Toute information personnelle que l&rsquo;utilisateur serait amen\u00e9 \u00e0 transmettre \u00e0 Crosslog International pour l\u2019utilisation de certains services est soumise aux dispositions de la loi Informatique et Libert\u00e9s et du RGPD.<\/p><p>\u00a0<\/p><p><strong>Propri\u00e9t\u00e9 intellectuelle :<\/strong> Le contenu du Site, incluant, sans limitation, les textes, graphiques, images, logos et ic\u00f4nes ainsi que leur mise en forme sont la propri\u00e9t\u00e9 exclusive de la Soci\u00e9t\u00e9 \u00e0 l\u2019exception des marques, logos ou contenus appartenant \u00e0 d&rsquo;autres soci\u00e9t\u00e9s partenaires ou auteurs. Toute reproduction, distribution, modification, adaptation, retransmission ou publication, m\u00eame partielle, de ces diff\u00e9rents \u00e9l\u00e9ments est strictement interdite sans l&rsquo;expression \u00e9crite pr\u00e9alable de Crosslog International. Cette repr\u00e9sentation ou reproduction, par quelque proc\u00e9d\u00e9 que ce soit, constitue une contrefa\u00e7on sanctionn\u00e9e par les articles L.335-2 et suivants du Code de la propri\u00e9t\u00e9 intellectuelle.<\/p><p>\u00a0<\/p><p><strong>Limitation de responsabilit\u00e9 :<\/strong> La Soci\u00e9t\u00e9 s\u2019efforce d\u2019assurer l\u2019exactitude et la mise \u00e0 jour des informations diffus\u00e9es sur le Site, dont elle se r\u00e9serve le droit de corriger, \u00e0 tout moment et sans pr\u00e9avis, le contenu. Toutefois, la Soci\u00e9t\u00e9 ne peut garantir l\u2019exactitude, la pr\u00e9cision ou l\u2019exhaustivit\u00e9 des informations mises \u00e0 disposition sur le Site. En cons\u00e9quence, la Soci\u00e9t\u00e9 d\u00e9cline toute responsabilit\u00e9 : pour toute interruption du site ; survenance de bogues ; pour toute inexactitude ou omission portant sur des informations disponibles sur le Site ; pour tout dommage r\u00e9sultant d\u2019une intrusion frauduleuse d\u2019un tiers ayant entra\u00een\u00e9 une modification des informations mises \u00e0 disposition sur le Site ; et plus g\u00e9n\u00e9ralement pour tout dommage, direct ou indirect, quelles qu\u2019en soient les causes, origines, natures ou cons\u00e9quences, provoqu\u00e9 \u00e0 raison de l\u2019acc\u00e8s de quiconque au Site ou de l\u2019impossibilit\u00e9 d\u2019y acc\u00e9der, de m\u00eame que l\u2019utilisation du Site et\/ou du cr\u00e9dit accord\u00e9 \u00e0 une quelconque information provenant directement ou indirectement de ce dernier.<\/p><p>\u00a0<\/p><p><strong>Droit applicable et attribution de juridiction :<\/strong> Tout litige en relation avec l\u2019utilisation du Site est soumis au droit fran\u00e7ais. Il est fait attribution exclusive de juridiction aux tribunaux comp\u00e9tents de Paris.<\/p><p>\u00a0<\/p><p>La Soci\u00e9t\u00e9 se r\u00e9serve le droit de modifier ces conditions \u00e0 tout moment. L&rsquo;utilisateur s&rsquo;engage donc \u00e0 les consulter r\u00e9guli\u00e8rement.<\/p>\t\t\t\t\t\t<\/div>\n\t\t\t\t<\/div>\n\t\t\t\t\t<\/div>\n\t\t<\/div>\n\t\t\t\t\t<\/div>\n\t\t<\/section>\n\t\t\t\t<\/div>\n\t\t","protected":false},"excerpt":{"rendered":"<p>&amp;amp;lt;\/p&gt; &lt;h2&gt;Mentions L\u00e9gales Crosslog International Derni\u00e8re mise \u00e0 jour : 26 f\u00e9vrier 2024 Le site Internet crosslog.com, ci-apr\u00e8s \u00ab le Site \u00bb, est \u00e9dit\u00e9 [&hellip;]<\/p>\n","protected":false},"author":1,"featured_media":0,"parent":0,"menu_order":0,"comment_status":"closed","ping_status":"closed","template":"","meta":{"footnotes":""},"class_list":["post-5291","page","type-page","status-publish","hentry"],"acf":{"full_width":true,"header_transparent":false,"header_white":false},"yoast_head":"<!-- This site is optimized with the Yoast SEO plugin v24.0 - https:\/\/yoast.com\/wordpress\/plugins\/seo\/ -->\n<title>Mentions l\u00e9gales - Crosslog International<\/title>\n<meta name=\"description\" content=\"Mentions l\u00e9gales Crosslog International : Informations l\u00e9gales, politique de confidentialit\u00e9, propri\u00e9t\u00e9 intellectuelle\" \/>\n<meta name=\"robots\" content=\"index, follow, max-snippet:-1, max-image-preview:large, max-video-preview:-1\" \/>\n<link rel=\"canonical\" href=\"https:\/\/crosslog.com\/2023\/mentions-legales\/\" \/>\n<meta property=\"og:locale\" content=\"fr_FR\" \/>\n<meta property=\"og:type\" content=\"article\" \/>\n<meta property=\"og:title\" content=\"Mentions l\u00e9gales - Crosslog International\" \/>\n<meta property=\"og:description\" content=\"Mentions l\u00e9gales Crosslog International : Informations l\u00e9gales, politique de confidentialit\u00e9, propri\u00e9t\u00e9 intellectuelle\" \/>\n<meta property=\"og:url\" content=\"https:\/\/crosslog.com\/2023\/mentions-legales\/\" \/>\n<meta property=\"og:site_name\" content=\"Crosslog International\" \/>\n<meta property=\"article:modified_time\" content=\"2024-12-03T00:12:01+00:00\" \/>\n<meta name=\"twitter:card\" content=\"summary_large_image\" \/>\n<meta name=\"twitter:label1\" content=\"Dur\u00e9e de lecture estim\u00e9e\" \/>\n\t<meta name=\"twitter:data1\" content=\"3 minutes\" \/>\n<script type=\"application\/ld+json\" class=\"yoast-schema-graph\">{\"@context\":\"https:\/\/schema.org\",\"@graph\":[{\"@type\":\"WebPage\",\"@id\":\"https:\/\/crosslog.com\/2023\/mentions-legales\/\",\"url\":\"https:\/\/crosslog.com\/2023\/mentions-legales\/\",\"name\":\"Mentions l\u00e9gales - Crosslog International\",\"isPartOf\":{\"@id\":\"https:\/\/crosslog.com\/2023\/#website\"},\"datePublished\":\"2023-12-14T15:24:33+00:00\",\"dateModified\":\"2024-12-03T00:12:01+00:00\",\"description\":\"Mentions l\u00e9gales Crosslog International : Informations l\u00e9gales, politique de confidentialit\u00e9, propri\u00e9t\u00e9 intellectuelle\",\"breadcrumb\":{\"@id\":\"https:\/\/crosslog.com\/2023\/mentions-legales\/#breadcrumb\"},\"inLanguage\":\"fr-FR\",\"potentialAction\":[{\"@type\":\"ReadAction\",\"target\":[\"https:\/\/crosslog.com\/2023\/mentions-legales\/\"]}]},{\"@type\":\"BreadcrumbList\",\"@id\":\"https:\/\/crosslog.com\/2023\/mentions-legales\/#breadcrumb\",\"itemListElement\":[{\"@type\":\"ListItem\",\"position\":1,\"name\":\"Accueil\",\"item\":\"https:\/\/crosslog.com\/2023\/\"},{\"@type\":\"ListItem\",\"position\":2,\"name\":\"Mentions l\u00e9gales\"}]},{\"@type\":\"WebSite\",\"@id\":\"https:\/\/crosslog.com\/2023\/#website\",\"url\":\"https:\/\/crosslog.com\/2023\/\",\"name\":\"Crosslog International\",\"description\":\"Votre Partenaire Strat\u00e9gique en Logistique E-commerce et Omnicanal\",\"potentialAction\":[{\"@type\":\"SearchAction\",\"target\":{\"@type\":\"EntryPoint\",\"urlTemplate\":\"https:\/\/crosslog.com\/2023\/?s={search_term_string}\"},\"query-input\":{\"@type\":\"PropertyValueSpecification\",\"valueRequired\":true,\"valueName\":\"search_term_string\"}}],\"inLanguage\":\"fr-FR\"}]}<\/script>\n<!-- \/ Yoast SEO plugin. -->","yoast_head_json":{"title":"Mentions l\u00e9gales - Crosslog International","description":"Mentions l\u00e9gales Crosslog International : Informations l\u00e9gales, politique de confidentialit\u00e9, propri\u00e9t\u00e9 intellectuelle","robots":{"index":"index","follow":"follow","max-snippet":"max-snippet:-1","max-image-preview":"max-image-preview:large","max-video-preview":"max-video-preview:-1"},"canonical":"https:\/\/crosslog.com\/2023\/mentions-legales\/","og_locale":"fr_FR","og_type":"article","og_title":"Mentions l\u00e9gales - Crosslog International","og_description":"Mentions l\u00e9gales Crosslog International : Informations l\u00e9gales, politique de confidentialit\u00e9, propri\u00e9t\u00e9 intellectuelle","og_url":"https:\/\/crosslog.com\/2023\/mentions-legales\/","og_site_name":"Crosslog International","article_modified_time":"2024-12-03T00:12:01+00:00","twitter_card":"summary_large_image","twitter_misc":{"Dur\u00e9e de lecture estim\u00e9e":"3 minutes"},"schema":{"@context":"https:\/\/schema.org","@graph":[{"@type":"WebPage","@id":"https:\/\/crosslog.com\/2023\/mentions-legales\/","url":"https:\/\/crosslog.com\/2023\/mentions-legales\/","name":"Mentions l\u00e9gales - Crosslog International","isPartOf":{"@id":"https:\/\/crosslog.com\/2023\/#website"},"datePublished":"2023-12-14T15:24:33+00:00","dateModified":"2024-12-03T00:12:01+00:00","description":"Mentions l\u00e9gales Crosslog International : Informations l\u00e9gales, politique de confidentialit\u00e9, propri\u00e9t\u00e9 intellectuelle","breadcrumb":{"@id":"https:\/\/crosslog.com\/2023\/mentions-legales\/#breadcrumb"},"inLanguage":"fr-FR","potentialAction":[{"@type":"ReadAction","target":["https:\/\/crosslog.com\/2023\/mentions-legales\/"]}]},{"@type":"BreadcrumbList","@id":"https:\/\/crosslog.com\/2023\/mentions-legales\/#breadcrumb","itemListElement":[{"@type":"ListItem","position":1,"name":"Accueil","item":"https:\/\/crosslog.com\/2023\/"},{"@type":"ListItem","position":2,"name":"Mentions l\u00e9gales"}]},{"@type":"WebSite","@id":"https:\/\/crosslog.com\/2023\/#website","url":"https:\/\/crosslog.com\/2023\/","name":"Crosslog International","description":"Votre Partenaire Strat\u00e9gique en Logistique E-commerce et Omnicanal","potentialAction":[{"@type":"SearchAction","target":{"@type":"EntryPoint","urlTemplate":"https:\/\/crosslog.com\/2023\/?s={search_term_string}"},"query-input":{"@type":"PropertyValueSpecification","valueRequired":true,"valueName":"search_term_string"}}],"inLanguage":"fr-FR"}]}},"_links":{"self":[{"href":"https:\/\/crosslog.com\/2023\/wp-json\/wp\/v2\/pages\/5291","targetHints":{"allow":["GET"]}}],"collection":[{"href":"https:\/\/crosslog.com\/2023\/wp-json\/wp\/v2\/pages"}],"about":[{"href":"https:\/\/crosslog.com\/2023\/wp-json\/wp\/v2\/types\/page"}],"author":[{"embeddable":true,"href":"https:\/\/crosslog.com\/2023\/wp-json\/wp\/v2\/users\/1"}],"replies":[{"embeddable":true,"href":"https:\/\/crosslog.com\/2023\/wp-json\/wp\/v2\/comments?post=5291"}],"version-history":[{"count":21,"href":"https:\/\/crosslog.com\/2023\/wp-json\/wp\/v2\/pages\/5291\/revisions"}],"predecessor-version":[{"id":7164,"href":"https:\/\/crosslog.com\/2023\/wp-json\/wp\/v2\/pages\/5291\/revisions\/7164"}],"wp:attachment":[{"href":"https:\/\/crosslog.com\/2023\/wp-json\/wp\/v2\/media?parent=5291"}],"curies":[{"name":"wp","href":"https:\/\/api.w.org\/{rel}","templated":true}]}}