{"id":4348,"date":"2023-11-28T15:03:54","date_gmt":"2023-11-28T15:03:54","guid":{"rendered":"https:\/\/crosslog.com\/2023\/?page_id=4348"},"modified":"2024-11-29T11:03:00","modified_gmt":"2024-11-29T11:03:00","slug":"notre-histoire-crosslog-international","status":"publish","type":"page","link":"https:\/\/crosslog.com\/2023\/notre-histoire-crosslog-international\/","title":{"rendered":"Notre histoire"},"content":{"rendered":"\t\t<div data-elementor-type=\"wp-page\" data-elementor-id=\"4348\" class=\"elementor elementor-4348\">\n\t\t\t\t\t\t<section class=\"elementor-section elementor-top-section elementor-element elementor-element-e6fbb07 elementor-section-full_width elementor-section-height-default elementor-section-height-default\" data-id=\"e6fbb07\" data-element_type=\"section\">\n\t\t\t\t\t\t<div class=\"elementor-container elementor-column-gap-no\">\n\t\t\t\t\t<div class=\"elementor-column elementor-col-100 elementor-top-column elementor-element elementor-element-eafc035\" data-id=\"eafc035\" data-element_type=\"column\">\n\t\t\t<div class=\"elementor-widget-wrap elementor-element-populated\">\n\t\t\t\t\t\t<div class=\"elementor-element elementor-element-ac9ae69 elementor-widget elementor-widget-ms-hero\" data-id=\"ac9ae69\" data-element_type=\"widget\" data-widget_type=\"ms-hero.default\">\n\t\t\t\t<div class=\"elementor-widget-container\">\n\t\t\t\r\n        <section class=\"ms-hero\" id=\"ac9ae69\">\r\n\r\n            \r\n                            <div class=\"ms-parallax\" data-speed=\"0.7\" data-type=\"scroll\">\r\n                                                                <div class=\"jarallax-img\" data-jarallax-video=\"mp4:https:\/\/crosslog.com\/2023\/wp-content\/uploads\/2023\/12\/Mechanical-Gears-4K.webm\"><\/div>\r\n                                    <\/div>\r\n            \r\n            \r\n                \r\n                    <div class=\"ms-hc\">\r\n                        <div class=\"ms-hc--inner\">\r\n                                                            <h1 class=\"ms-hero-title\">Notre histoire<\/h1>\r\n                                                                                        <p class=\"ms-hero-subtitle\">Notre engagement envers l\u2019innovation<\/p>\r\n                                                    <\/div>\r\n                    <\/div>\r\n\r\n                \r\n                \r\n            \r\n        <\/section>\r\n\r\n    \t\t<\/div>\n\t\t\t\t<\/div>\n\t\t\t\t\t<\/div>\n\t\t<\/div>\n\t\t\t\t\t<\/div>\n\t\t<\/section>\n\t\t\t\t<section class=\"elementor-section elementor-top-section elementor-element elementor-element-3d8e45e elementor-section-boxed elementor-section-height-default elementor-section-height-default\" data-id=\"3d8e45e\" data-element_type=\"section\">\n\t\t\t\t\t\t<div class=\"elementor-container elementor-column-gap-default\">\n\t\t\t\t\t<div class=\"elementor-column elementor-col-100 elementor-top-column elementor-element elementor-element-0e6743a\" data-id=\"0e6743a\" data-element_type=\"column\">\n\t\t\t<div class=\"elementor-widget-wrap elementor-element-populated\">\n\t\t\t\t\t\t<div class=\"elementor-element elementor-element-02e43b3 elementor-widget elementor-widget-spacer\" data-id=\"02e43b3\" data-element_type=\"widget\" data-widget_type=\"spacer.default\">\n\t\t\t\t<div class=\"elementor-widget-container\">\n\t\t\t\t\t<div class=\"elementor-spacer\">\n\t\t\t<div class=\"elementor-spacer-inner\"><\/div>\n\t\t<\/div>\n\t\t\t\t<\/div>\n\t\t\t\t<\/div>\n\t\t\t\t<div class=\"elementor-element elementor-element-644f425 elementor-widget elementor-widget-heading\" data-id=\"644f425\" data-element_type=\"widget\" data-widget_type=\"heading.default\">\n\t\t\t\t<div class=\"elementor-widget-container\">\n\t\t\t<h2 class=\"elementor-heading-title elementor-size-default\">Des solutions con\u00e7ues pour votre logistique e-commerce et omnicanale<\/h2>\t\t<\/div>\n\t\t\t\t<\/div>\n\t\t\t\t<div class=\"elementor-element elementor-element-cdc39af elementor-widget elementor-widget-text-editor\" data-id=\"cdc39af\" data-element_type=\"widget\" data-widget_type=\"text-editor.default\">\n\t\t\t\t<div class=\"elementor-widget-container\">\n\t\t\t\t\t\t\t<span style=\"color: #000000;\">Avec plus de vingt ans d&rsquo;expertise, Crosslog International a fa\u00e7onn\u00e9 l&rsquo;avenir de la logistique e-commerce. Notre engagement envers l&rsquo;innovation nous permet de proposer des services sur mesure, parfaitement adapt\u00e9s \u00e0 vos besoins sp\u00e9cifiques, que vous soyez un acteur majeur du e-commerce, une TPE dynamique ou une PME en pleine croissance.<\/span>\t\t\t\t\t\t<\/div>\n\t\t\t\t<\/div>\n\t\t\t\t\t<\/div>\n\t\t<\/div>\n\t\t\t\t\t<\/div>\n\t\t<\/section>\n\t\t\t\t<section class=\"elementor-section elementor-top-section elementor-element elementor-element-08be1fc elementor-section-boxed elementor-section-height-default elementor-section-height-default\" data-id=\"08be1fc\" data-element_type=\"section\">\n\t\t\t\t\t\t<div class=\"elementor-container elementor-column-gap-default\">\n\t\t\t\t\t<div class=\"elementor-column elementor-col-100 elementor-top-column elementor-element elementor-element-5893ebd\" data-id=\"5893ebd\" data-element_type=\"column\">\n\t\t\t<div class=\"elementor-widget-wrap elementor-element-populated\">\n\t\t\t\t\t\t<div class=\"elementor-element elementor-element-38ec707 elementor-widget elementor-widget-wil-timeline\" data-id=\"38ec707\" data-element_type=\"widget\" data-widget_type=\"wil-timeline.default\">\n\t\t\t\t<div class=\"elementor-widget-container\">\n\t\t\t\n\n\n\n<div class=\"wil-timeline-wrapper\">\n                                  <div class=\"wil-timeline pos:relative ov:hidden maw:860px m:auto d:flex c:#000 lh:1.5 \">\n      <div class=\"wil-timeline__inner m:20px_0 mr:40px@+sm d:flex@sm ai:center pos:relative \">\n\n                  <div class=\"w:50%@sm mr:30px@sm\">\n            <img decoding=\"async\" class=\"w:100% va:middle bdrs:15px\" src=\"https:\/\/crosslog.com\/2023\/wp-content\/uploads\/2023\/09\/crosslog_2023.png\" alt=\"\">\n          <\/div>\n        \n        <div class=\"wil-timeline__content w:50%@sm ml:30px@sm\">\n                      <div class=\"wil-timeline__time fz:pfs(40px,80px) timeTypo c:#eee lts:1px fw:700!\" style=\"Array\">\n              <span>2000<\/span>\n            <\/div>\n                    <div class=\"pos:absolute z:9 t:50% r:-44px@+md l:50%@md trf:translate(-50%,-50%)_rotate(45deg) w:16px h:16px bgc:#fff c:#eee bd:2px_solid_currentcolor\" style=\"\"><\/div>\n                      <h2 class=\"wil-timeline__title titleTypo m:0 fz:pfs(22px,26px) lts:1px fw:600!\" style=\"Array\">NOS D\u00c9BUTS<\/h2>\n                                <div class=\"wil-timeline__text textTypo mt:10px op:0.8 fz:15px c:#444\" style=\"Array\">Fondation de Crosslog et introduction de services logistiques r\u00e9volutionnaires, comprenant des solutions de transport de pointe et une gestion optimis\u00e9e des flux.<\/div>\n                            <\/div>\n      <\/div>\n      <div class=\"pos:absolute t:0 r:12px r:50%@sm w:2px h:100% mr:-1px bgc:#eee bdrs:2px\" style=\"\"><\/div>\n    <\/div>\n                                  <div class=\"wil-timeline pos:relative ov:hidden maw:860px m:auto d:flex c:#000 lh:1.5 jc:flex-end@sm\">\n      <div class=\"wil-timeline__inner m:20px_0 mr:40px@+sm d:flex@sm ai:center pos:relative flf:row-reverse\">\n\n                  <div class=\"w:50%@sm ml:30px@sm\">\n            <img decoding=\"async\" class=\"w:100% va:middle bdrs:15px\" src=\"https:\/\/crosslog.com\/2023\/wp-content\/uploads\/2023\/12\/logo-crossdesk-11.jpg\" alt=\"\">\n          <\/div>\n        \n        <div class=\"wil-timeline__content w:50%@sm mr:30px@sm ta:right@sm\">\n                      <div class=\"wil-timeline__time fz:pfs(40px,80px) timeTypo c:#eee lts:1px fw:700!\" style=\"Array\">\n              <span>2011<\/span>\n            <\/div>\n                    <div class=\"pos:absolute z:9 t:50% r:-44px@+md l:50%@md trf:translate(-50%,-50%)_rotate(45deg) w:16px h:16px bgc:#fff c:#eee bd:2px_solid_currentcolor\" style=\"\"><\/div>\n                      <h2 class=\"wil-timeline__title titleTypo m:0 fz:pfs(22px,26px) lts:1px fw:600!\" style=\"Array\">NOTRE PLATEFORME<\/h2>\n                                <div class=\"wil-timeline__text textTypo mt:10px op:0.8 fz:15px c:#444\" style=\"Array\">D\u00e9veloppement de Crossdesk, une plateforme innovante pour superviser les flux logistiques et de transport e-commerce, garantissant une gestion fluide et une visibilit\u00e9 accrue.<\/div>\n                            <\/div>\n      <\/div>\n      <div class=\"pos:absolute t:0 r:12px r:50%@sm w:2px h:100% mr:-1px bgc:#eee bdrs:2px\" style=\"\"><\/div>\n    <\/div>\n                                  <div class=\"wil-timeline pos:relative ov:hidden maw:860px m:auto d:flex c:#000 lh:1.5 \">\n      <div class=\"wil-timeline__inner m:20px_0 mr:40px@+sm d:flex@sm ai:center pos:relative \">\n\n                  <div class=\"w:50%@sm mr:30px@sm\">\n            <img decoding=\"async\" class=\"w:100% va:middle bdrs:15px\" src=\"https:\/\/crosslog.com\/2023\/wp-content\/uploads\/2023\/12\/036f79bd-bansard-international-logo.png1_.webp\" alt=\"\">\n          <\/div>\n        \n        <div class=\"wil-timeline__content w:50%@sm ml:30px@sm\">\n                      <div class=\"wil-timeline__time fz:pfs(40px,80px) timeTypo c:#eee lts:1px fw:700!\" style=\"Array\">\n              <span>2014<\/span>\n            <\/div>\n                    <div class=\"pos:absolute z:9 t:50% r:-44px@+md l:50%@md trf:translate(-50%,-50%)_rotate(45deg) w:16px h:16px bgc:#fff c:#eee bd:2px_solid_currentcolor\" style=\"\"><\/div>\n                      <h2 class=\"wil-timeline__title titleTypo m:0 fz:pfs(22px,26px) lts:1px fw:600!\" style=\"Array\">LE GROUPE BANSARD<\/h2>\n                                <div class=\"wil-timeline__text textTypo mt:10px op:0.8 fz:15px c:#444\" style=\"Array\">L'acquisition par le groupe Bansard International, expert en freight forwarding et logistique internationale depuis 1963, repr\u00e9sente une fusion majeure d'expertise historique et d'innovation logistique.<\/div>\n                            <\/div>\n      <\/div>\n      <div class=\"pos:absolute t:0 r:12px r:50%@sm w:2px h:100% mr:-1px bgc:#eee bdrs:2px\" style=\"\"><\/div>\n    <\/div>\n                                  <div class=\"wil-timeline pos:relative ov:hidden maw:860px m:auto d:flex c:#000 lh:1.5 jc:flex-end@sm\">\n      <div class=\"wil-timeline__inner m:20px_0 mr:40px@+sm d:flex@sm ai:center pos:relative flf:row-reverse\">\n\n                  <div class=\"w:50%@sm ml:30px@sm\">\n            <img decoding=\"async\" class=\"w:100% va:middle bdrs:15px\" src=\"https:\/\/crosslog.com\/2023\/wp-content\/uploads\/2023\/12\/logo-easy-ok1.png\" alt=\"\">\n          <\/div>\n        \n        <div class=\"wil-timeline__content w:50%@sm mr:30px@sm ta:right@sm\">\n                      <div class=\"wil-timeline__time fz:pfs(40px,80px) timeTypo c:#eee lts:1px fw:700!\" style=\"Array\">\n              <span>2017<\/span>\n            <\/div>\n                    <div class=\"pos:absolute z:9 t:50% r:-44px@+md l:50%@md trf:translate(-50%,-50%)_rotate(45deg) w:16px h:16px bgc:#fff c:#eee bd:2px_solid_currentcolor\" style=\"\"><\/div>\n                      <h2 class=\"wil-timeline__title titleTypo m:0 fz:pfs(22px,26px) lts:1px fw:600!\" style=\"Array\">SIMPLIFICATION DES ENVOIS<\/h2>\n                                <div class=\"wil-timeline__text textTypo mt:10px op:0.8 fz:15px c:#444\" style=\"Array\">Notre solution avanc\u00e9e pour la pr\u00e9paration des commandes s'int\u00e8gre harmonieusement avec des syst\u00e8mes de transport de pointe, offrant aux e-commer\u00e7ants une efficacit\u00e9 et une optimisation logistique exceptionnelles.<\/div>\n                            <\/div>\n      <\/div>\n      <div class=\"pos:absolute t:0 r:12px r:50%@sm w:2px h:100% mr:-1px bgc:#eee bdrs:2px\" style=\"\"><\/div>\n    <\/div>\n                                  <div class=\"wil-timeline pos:relative ov:hidden maw:860px m:auto d:flex c:#000 lh:1.5 \">\n      <div class=\"wil-timeline__inner m:20px_0 mr:40px@+sm d:flex@sm ai:center pos:relative \">\n\n                  <div class=\"w:50%@sm mr:30px@sm\">\n            <img decoding=\"async\" class=\"w:100% va:middle bdrs:15px\" src=\"https:\/\/crosslog.com\/2023\/wp-content\/uploads\/2023\/12\/Crossteam_140.png\" alt=\"\">\n          <\/div>\n        \n        <div class=\"wil-timeline__content w:50%@sm ml:30px@sm\">\n                      <div class=\"wil-timeline__time fz:pfs(40px,80px) timeTypo c:#eee lts:1px fw:700!\" style=\"Array\">\n              <span>2023<\/span>\n            <\/div>\n                    <div class=\"pos:absolute z:9 t:50% r:-44px@+md l:50%@md trf:translate(-50%,-50%)_rotate(45deg) w:16px h:16px bgc:#fff c:#eee bd:2px_solid_currentcolor\" style=\"\"><\/div>\n                      <h2 class=\"wil-timeline__title titleTypo m:0 fz:pfs(22px,26px) lts:1px fw:600!\" style=\"Array\">L'OUTIL DE COLLABORATION<\/h2>\n                                <div class=\"wil-timeline__text textTypo mt:10px op:0.8 fz:15px c:#444\" style=\"Array\">Un outil de collaboration pour nos \u00e9quipes, am\u00e9liorant l'efficacit\u00e9 quotidienne et la satisfaction des clients gr\u00e2ce \u00e0 des solutions int\u00e9gr\u00e9es.<\/div>\n                            <\/div>\n      <\/div>\n      <div class=\"pos:absolute t:0 r:12px r:50%@sm w:2px h:100% mr:-1px bgc:#eee bdrs:2px\" style=\"\"><\/div>\n    <\/div>\n                                  <div class=\"wil-timeline pos:relative ov:hidden maw:860px m:auto d:flex c:#000 lh:1.5 jc:flex-end@sm\">\n      <div class=\"wil-timeline__inner m:20px_0 mr:40px@+sm d:flex@sm ai:center pos:relative flf:row-reverse\">\n\n                  <div class=\"w:50%@sm ml:30px@sm\">\n            <img decoding=\"async\" class=\"w:100% va:middle bdrs:15px\" src=\"https:\/\/crosslog.com\/2023\/wp-content\/uploads\/2023\/12\/Crossdesk_360_140.png\" alt=\"\">\n          <\/div>\n        \n        <div class=\"wil-timeline__content w:50%@sm mr:30px@sm ta:right@sm\">\n                      <div class=\"wil-timeline__time fz:pfs(40px,80px) timeTypo c:#eee lts:1px fw:700!\" style=\"Array\">\n              <span>2025<\/span>\n            <\/div>\n                    <div class=\"pos:absolute z:9 t:50% r:-44px@+md l:50%@md trf:translate(-50%,-50%)_rotate(45deg) w:16px h:16px bgc:#fff c:#eee bd:2px_solid_currentcolor\" style=\"\"><\/div>\n                      <h2 class=\"wil-timeline__title titleTypo m:0 fz:pfs(22px,26px) lts:1px fw:600!\" style=\"Array\">LE TOUT-EN-UN<\/h2>\n                                <div class=\"wil-timeline__text textTypo mt:10px op:0.8 fz:15px c:#444\" style=\"Array\">Crossdesk 360, un outil tout-en-un, vise \u00e0 r\u00e9volutionner la logistique e-commerce et omnicanale en centralisant et transformant la gestion de tous les services, offrant une efficacit\u00e9 sans pr\u00e9c\u00e9dent gr\u00e2ce \u00e0 une technologie unifi\u00e9e.<\/div>\n                            <\/div>\n      <\/div>\n      <div class=\"pos:absolute t:0 r:12px r:50%@sm w:2px h:100% mr:-1px bgc:#eee bdrs:2px\" style=\"\"><\/div>\n    <\/div>\n  <\/div>\n\n\t\t<\/div>\n\t\t\t\t<\/div>\n\t\t\t\t<div class=\"elementor-element elementor-element-70b3719 elementor-widget elementor-widget-spacer\" data-id=\"70b3719\" data-element_type=\"widget\" data-widget_type=\"spacer.default\">\n\t\t\t\t<div class=\"elementor-widget-container\">\n\t\t\t\t\t<div class=\"elementor-spacer\">\n\t\t\t<div class=\"elementor-spacer-inner\"><\/div>\n\t\t<\/div>\n\t\t\t\t<\/div>\n\t\t\t\t<\/div>\n\t\t\t\t\t<\/div>\n\t\t<\/div>\n\t\t\t\t\t<\/div>\n\t\t<\/section>\n\t\t\t\t<\/div>\n\t\t","protected":false},"excerpt":{"rendered":"<p>Notre histoire Notre engagement envers l\u2019innovation Des solutions con\u00e7ues pour votre logistique e-commerce et omnicanale Avec plus de vingt ans d&rsquo;expertise, Crosslog International a [&hellip;]<\/p>\n","protected":false},"author":1,"featured_media":0,"parent":0,"menu_order":0,"comment_status":"closed","ping_status":"closed","template":"","meta":{"footnotes":""},"class_list":["post-4348","page","type-page","status-publish","hentry"],"acf":{"full_width":true,"header_transparent":true,"header_white":true},"yoast_head":"<!-- This site is optimized with the Yoast SEO plugin v24.0 - https:\/\/yoast.com\/wordpress\/plugins\/seo\/ -->\n<title>Notre histoire - Crosslog International<\/title>\n<meta name=\"description\" content=\"Depuis plus de 20 ans, Crosslog International innove dans la logistique e-commerce et omnicanale. D\u00e9couvrez notre histoire.\" \/>\n<meta name=\"robots\" content=\"index, follow, max-snippet:-1, max-image-preview:large, max-video-preview:-1\" \/>\n<link rel=\"canonical\" href=\"https:\/\/crosslog.com\/2023\/notre-histoire-crosslog-international\/\" \/>\n<meta property=\"og:locale\" content=\"fr_FR\" \/>\n<meta property=\"og:type\" content=\"article\" \/>\n<meta property=\"og:title\" content=\"Notre histoire - Crosslog International\" \/>\n<meta property=\"og:description\" content=\"Depuis plus de 20 ans, Crosslog International innove dans la logistique e-commerce et omnicanale. D\u00e9couvrez notre histoire.\" \/>\n<meta property=\"og:url\" content=\"https:\/\/crosslog.com\/2023\/notre-histoire-crosslog-international\/\" \/>\n<meta property=\"og:site_name\" content=\"Crosslog International\" \/>\n<meta property=\"article:modified_time\" content=\"2024-11-29T11:03:00+00:00\" \/>\n<meta property=\"og:image\" content=\"https:\/\/crosslog.com\/2023\/wp-content\/uploads\/2023\/09\/crosslog_2023.png\" \/>\n<meta name=\"twitter:card\" content=\"summary_large_image\" \/>\n<meta name=\"twitter:label1\" content=\"Dur\u00e9e de lecture estim\u00e9e\" \/>\n\t<meta name=\"twitter:data1\" content=\"3 minutes\" \/>\n<script type=\"application\/ld+json\" class=\"yoast-schema-graph\">{\"@context\":\"https:\/\/schema.org\",\"@graph\":[{\"@type\":\"WebPage\",\"@id\":\"https:\/\/crosslog.com\/2023\/notre-histoire-crosslog-international\/\",\"url\":\"https:\/\/crosslog.com\/2023\/notre-histoire-crosslog-international\/\",\"name\":\"Notre histoire - Crosslog International\",\"isPartOf\":{\"@id\":\"https:\/\/crosslog.com\/2023\/#website\"},\"primaryImageOfPage\":{\"@id\":\"https:\/\/crosslog.com\/2023\/notre-histoire-crosslog-international\/#primaryimage\"},\"image\":{\"@id\":\"https:\/\/crosslog.com\/2023\/notre-histoire-crosslog-international\/#primaryimage\"},\"thumbnailUrl\":\"https:\/\/crosslog.com\/2023\/wp-content\/uploads\/2023\/09\/crosslog_2023.png\",\"datePublished\":\"2023-11-28T15:03:54+00:00\",\"dateModified\":\"2024-11-29T11:03:00+00:00\",\"description\":\"Depuis plus de 20 ans, Crosslog International innove dans la logistique e-commerce et omnicanale. D\u00e9couvrez notre histoire.\",\"breadcrumb\":{\"@id\":\"https:\/\/crosslog.com\/2023\/notre-histoire-crosslog-international\/#breadcrumb\"},\"inLanguage\":\"fr-FR\",\"potentialAction\":[{\"@type\":\"ReadAction\",\"target\":[\"https:\/\/crosslog.com\/2023\/notre-histoire-crosslog-international\/\"]}]},{\"@type\":\"ImageObject\",\"inLanguage\":\"fr-FR\",\"@id\":\"https:\/\/crosslog.com\/2023\/notre-histoire-crosslog-international\/#primaryimage\",\"url\":\"\",\"contentUrl\":\"\"},{\"@type\":\"BreadcrumbList\",\"@id\":\"https:\/\/crosslog.com\/2023\/notre-histoire-crosslog-international\/#breadcrumb\",\"itemListElement\":[{\"@type\":\"ListItem\",\"position\":1,\"name\":\"Accueil\",\"item\":\"https:\/\/crosslog.com\/2023\/\"},{\"@type\":\"ListItem\",\"position\":2,\"name\":\"Notre histoire\"}]},{\"@type\":\"WebSite\",\"@id\":\"https:\/\/crosslog.com\/2023\/#website\",\"url\":\"https:\/\/crosslog.com\/2023\/\",\"name\":\"Crosslog International\",\"description\":\"Votre Partenaire Strat\u00e9gique en Logistique E-commerce et Omnicanal\",\"potentialAction\":[{\"@type\":\"SearchAction\",\"target\":{\"@type\":\"EntryPoint\",\"urlTemplate\":\"https:\/\/crosslog.com\/2023\/?s={search_term_string}\"},\"query-input\":{\"@type\":\"PropertyValueSpecification\",\"valueRequired\":true,\"valueName\":\"search_term_string\"}}],\"inLanguage\":\"fr-FR\"}]}<\/script>\n<!-- \/ Yoast SEO plugin. -->","yoast_head_json":{"title":"Notre histoire - Crosslog International","description":"Depuis plus de 20 ans, Crosslog International innove dans la logistique e-commerce et omnicanale. D\u00e9couvrez notre histoire.","robots":{"index":"index","follow":"follow","max-snippet":"max-snippet:-1","max-image-preview":"max-image-preview:large","max-video-preview":"max-video-preview:-1"},"canonical":"https:\/\/crosslog.com\/2023\/notre-histoire-crosslog-international\/","og_locale":"fr_FR","og_type":"article","og_title":"Notre histoire - Crosslog International","og_description":"Depuis plus de 20 ans, Crosslog International innove dans la logistique e-commerce et omnicanale. D\u00e9couvrez notre histoire.","og_url":"https:\/\/crosslog.com\/2023\/notre-histoire-crosslog-international\/","og_site_name":"Crosslog International","article_modified_time":"2024-11-29T11:03:00+00:00","og_image":[{"url":"https:\/\/crosslog.com\/2023\/wp-content\/uploads\/2023\/09\/crosslog_2023.png","type":"","width":"","height":""}],"twitter_card":"summary_large_image","twitter_misc":{"Dur\u00e9e de lecture estim\u00e9e":"3 minutes"},"schema":{"@context":"https:\/\/schema.org","@graph":[{"@type":"WebPage","@id":"https:\/\/crosslog.com\/2023\/notre-histoire-crosslog-international\/","url":"https:\/\/crosslog.com\/2023\/notre-histoire-crosslog-international\/","name":"Notre histoire - Crosslog International","isPartOf":{"@id":"https:\/\/crosslog.com\/2023\/#website"},"primaryImageOfPage":{"@id":"https:\/\/crosslog.com\/2023\/notre-histoire-crosslog-international\/#primaryimage"},"image":{"@id":"https:\/\/crosslog.com\/2023\/notre-histoire-crosslog-international\/#primaryimage"},"thumbnailUrl":"https:\/\/crosslog.com\/2023\/wp-content\/uploads\/2023\/09\/crosslog_2023.png","datePublished":"2023-11-28T15:03:54+00:00","dateModified":"2024-11-29T11:03:00+00:00","description":"Depuis plus de 20 ans, Crosslog International innove dans la logistique e-commerce et omnicanale. D\u00e9couvrez notre histoire.","breadcrumb":{"@id":"https:\/\/crosslog.com\/2023\/notre-histoire-crosslog-international\/#breadcrumb"},"inLanguage":"fr-FR","potentialAction":[{"@type":"ReadAction","target":["https:\/\/crosslog.com\/2023\/notre-histoire-crosslog-international\/"]}]},{"@type":"ImageObject","inLanguage":"fr-FR","@id":"https:\/\/crosslog.com\/2023\/notre-histoire-crosslog-international\/#primaryimage","url":"","contentUrl":""},{"@type":"BreadcrumbList","@id":"https:\/\/crosslog.com\/2023\/notre-histoire-crosslog-international\/#breadcrumb","itemListElement":[{"@type":"ListItem","position":1,"name":"Accueil","item":"https:\/\/crosslog.com\/2023\/"},{"@type":"ListItem","position":2,"name":"Notre histoire"}]},{"@type":"WebSite","@id":"https:\/\/crosslog.com\/2023\/#website","url":"https:\/\/crosslog.com\/2023\/","name":"Crosslog International","description":"Votre Partenaire Strat\u00e9gique en Logistique E-commerce et Omnicanal","potentialAction":[{"@type":"SearchAction","target":{"@type":"EntryPoint","urlTemplate":"https:\/\/crosslog.com\/2023\/?s={search_term_string}"},"query-input":{"@type":"PropertyValueSpecification","valueRequired":true,"valueName":"search_term_string"}}],"inLanguage":"fr-FR"}]}},"_links":{"self":[{"href":"https:\/\/crosslog.com\/2023\/wp-json\/wp\/v2\/pages\/4348","targetHints":{"allow":["GET"]}}],"collection":[{"href":"https:\/\/crosslog.com\/2023\/wp-json\/wp\/v2\/pages"}],"about":[{"href":"https:\/\/crosslog.com\/2023\/wp-json\/wp\/v2\/types\/page"}],"author":[{"embeddable":true,"href":"https:\/\/crosslog.com\/2023\/wp-json\/wp\/v2\/users\/1"}],"replies":[{"embeddable":true,"href":"https:\/\/crosslog.com\/2023\/wp-json\/wp\/v2\/comments?post=4348"}],"version-history":[{"count":12,"href":"https:\/\/crosslog.com\/2023\/wp-json\/wp\/v2\/pages\/4348\/revisions"}],"predecessor-version":[{"id":6875,"href":"https:\/\/crosslog.com\/2023\/wp-json\/wp\/v2\/pages\/4348\/revisions\/6875"}],"wp:attachment":[{"href":"https:\/\/crosslog.com\/2023\/wp-json\/wp\/v2\/media?parent=4348"}],"curies":[{"name":"wp","href":"https:\/\/api.w.org\/{rel}","templated":true}]}}