{"id":4023,"date":"2023-10-18T10:47:26","date_gmt":"2023-10-18T10:47:26","guid":{"rendered":"https:\/\/crosslog.com\/2023\/?page_id=4023"},"modified":"2024-11-29T09:41:25","modified_gmt":"2024-11-29T09:41:25","slug":"politique-de-confidentialite-crosslog-international","status":"publish","type":"page","link":"https:\/\/crosslog.com\/2023\/politique-de-confidentialite-crosslog-international\/","title":{"rendered":""},"content":{"rendered":"\t\t<div data-elementor-type=\"wp-page\" data-elementor-id=\"4023\" class=\"elementor elementor-4023\">\n\t\t\t\t\t\t<section class=\"elementor-section elementor-top-section elementor-element elementor-element-2520a1d elementor-section-height-min-height elementor-section-boxed elementor-section-height-default elementor-section-items-middle\" data-id=\"2520a1d\" data-element_type=\"section\" data-settings=\"{&quot;background_background&quot;:&quot;classic&quot;}\">\n\t\t\t\t\t\t<div class=\"elementor-container elementor-column-gap-default\">\n\t\t\t\t\t<div class=\"elementor-column elementor-col-100 elementor-top-column elementor-element elementor-element-8d10b16\" data-id=\"8d10b16\" data-element_type=\"column\">\n\t\t\t<div class=\"elementor-widget-wrap elementor-element-populated\">\n\t\t\t\t\t\t<section class=\"elementor-section elementor-inner-section elementor-element elementor-element-a4a1d61 elementor-section-full_width elementor-section-height-default elementor-section-height-default\" data-id=\"a4a1d61\" data-element_type=\"section\">\n\t\t\t\t\t\t<div class=\"elementor-container elementor-column-gap-default\">\n\t\t\t\t\t<div class=\"elementor-column elementor-col-50 elementor-inner-column elementor-element elementor-element-23bf981\" data-id=\"23bf981\" data-element_type=\"column\">\n\t\t\t<div class=\"elementor-widget-wrap elementor-element-populated\">\n\t\t\t\t\t\t<div class=\"elementor-element elementor-element-7348b69 elementor-widget elementor-widget-heading\" data-id=\"7348b69\" data-element_type=\"widget\" data-widget_type=\"heading.default\">\n\t\t\t\t<div class=\"elementor-widget-container\">\n\t\t\t<h2 class=\"elementor-heading-title elementor-size-default\">Politique de confidentialit\u00e9 et Protection des donn\u00e9es personnelles\n<\/h2>\t\t<\/div>\n\t\t\t\t<\/div>\n\t\t\t\t<div class=\"elementor-element elementor-element-d57a2b6 elementor-hidden-tablet elementor-hidden-mobile elementor-widget elementor-widget-heading\" data-id=\"d57a2b6\" data-element_type=\"widget\" data-widget_type=\"heading.default\">\n\t\t\t\t<div class=\"elementor-widget-container\">\n\t\t\t<h2 class=\"elementor-heading-title elementor-size-default\">Crosslog International<\/h2>\t\t<\/div>\n\t\t\t\t<\/div>\n\t\t\t\t<div class=\"elementor-element elementor-element-2bec290 elementor-widget elementor-widget-text-editor\" data-id=\"2bec290\" data-element_type=\"widget\" data-widget_type=\"text-editor.default\">\n\t\t\t\t<div class=\"elementor-widget-container\">\n\t\t\t\t\t\t\t<p>Derni\u00e8re mise \u00e0 jour : 27 f\u00e9vrier 2024<\/p>\t\t\t\t\t\t<\/div>\n\t\t\t\t<\/div>\n\t\t\t\t\t<\/div>\n\t\t<\/div>\n\t\t\t\t<div class=\"elementor-column elementor-col-50 elementor-inner-column elementor-element elementor-element-ba27e0f\" data-id=\"ba27e0f\" data-element_type=\"column\">\n\t\t\t<div class=\"elementor-widget-wrap\">\n\t\t\t\t\t\t\t<\/div>\n\t\t<\/div>\n\t\t\t\t\t<\/div>\n\t\t<\/section>\n\t\t\t\t\t<\/div>\n\t\t<\/div>\n\t\t\t\t\t<\/div>\n\t\t<\/section>\n\t\t\t\t<section class=\"elementor-section elementor-top-section elementor-element elementor-element-45b58ea elementor-section-boxed elementor-section-height-default elementor-section-height-default\" data-id=\"45b58ea\" data-element_type=\"section\">\n\t\t\t\t\t\t<div class=\"elementor-container elementor-column-gap-default\">\n\t\t\t\t\t<div class=\"elementor-column elementor-col-100 elementor-top-column elementor-element elementor-element-7274d06\" data-id=\"7274d06\" data-element_type=\"column\">\n\t\t\t<div class=\"elementor-widget-wrap elementor-element-populated\">\n\t\t\t\t\t\t<div class=\"elementor-element elementor-element-13cad92 elementor-widget elementor-widget-text-editor\" data-id=\"13cad92\" data-element_type=\"widget\" data-widget_type=\"text-editor.default\">\n\t\t\t\t<div class=\"elementor-widget-container\">\n\t\t\t\t\t\t\t<p>La pr\u00e9sente politique de confidentialit\u00e9 et de protection des donn\u00e9es personnelles (ci-apr\u00e8s la \u00ab Politique \u00bb) a pour objet d\u2019informer les utilisateurs du site crosslog.com, crossdesk.com, easycolis.com (ci-apr\u00e8s \u00ab le Site \u00bb), \u00e9dit\u00e9 par Crosslog International, soci\u00e9t\u00e9 anonyme au capital de [montant du capital social] euros, dont le si\u00e8ge social est situ\u00e9 au 40 Rue d&rsquo;Arcueil, 94150 Rungis, France, immatricul\u00e9e au Registre du Commerce et des Soci\u00e9t\u00e9s de Cr\u00e9teil sous le num\u00e9ro [num\u00e9ro d\u2019immatriculation], sur les moyens mis en \u0153uvre pour collecter, traiter et prot\u00e9ger leurs donn\u00e9es personnelles conform\u00e9ment \u00e0 la loi n\u00b0 78-17 du 6 janvier 1978 relative \u00e0 l\u2019informatique, aux fichiers et aux libert\u00e9s, modifi\u00e9e, et au R\u00e8glement (UE) 2016\/679 du Parlement europ\u00e9en et du Conseil du 27 avril 2016 (ci-apr\u00e8s \u00ab RGPD \u00bb).<\/p><p>\u00a0<\/p><p><strong>1. Collecte des donn\u00e9es personnelles<\/strong><\/p><p>\u00a0<\/p><p>Les donn\u00e9es \u00e0 caract\u00e8re personnel qui peuvent \u00eatre collect\u00e9es sur le Site sont principalement utilis\u00e9es par l\u2019\u00e9diteur pour la gestion des relations avec vous, et le cas \u00e9ch\u00e9ant pour le traitement de vos commandes. Elles sont enregistr\u00e9es dans le fichier de clients de Crosslog International, et le fichier ainsi constitu\u00e9 \u00e0 partir de donn\u00e9es \u00e0 caract\u00e8re personnel est d\u00e9clar\u00e9 \u00e0 la CNIL.<\/p><p>\u00a0<\/p><p><strong>2. Finalit\u00e9s de la collecte des donn\u00e9es<\/strong><\/p><p>\u00a0<\/p><p>Les donn\u00e9es personnelles collect\u00e9es sur notre Site sont utilis\u00e9es pour effectuer le traitement des commandes et g\u00e9rer la relation commerciale (livraisons, factures, service apr\u00e8s-vente). Nous pouvons \u00e9galement utiliser vos donn\u00e9es \u00e0 des fins publicitaires, soit apr\u00e8s avoir recueilli votre consentement explicite, soit dans la limite autoris\u00e9e par la loi. Nous sommes \u00e9galement susceptibles d\u2019utiliser vos donn\u00e9es pour satisfaire aux obligations l\u00e9gales et\/ou r\u00e9glementaires.<\/p><p>\u00a0<\/p><p><strong>3. Droit d&rsquo;acc\u00e8s, de rectification et de suppression<\/strong><\/p><p>\u00a0<\/p><p>Conform\u00e9ment \u00e0 la l\u00e9gislation europ\u00e9enne en vigueur, les utilisateurs de Crosslog International disposent des droits suivants :<\/p><p style=\"padding-left: 40px;\">\u2022 Droit d&rsquo;acc\u00e8s (article 15 RGPD) et de rectification (article 16 RGPD), de mise \u00e0 jour, de compl\u00e9tude des donn\u00e9es des utilisateurs<\/p><p style=\"padding-left: 40px;\">\u2022 Droit de verrouillage ou d\u2019effacement des donn\u00e9es des utilisateurs \u00e0 caract\u00e8re personnel (article 17 du RGPD), lorsqu\u2019elles sont inexactes, incompl\u00e8tes, \u00e9quivoques, p\u00e9rim\u00e9es, ou dont la collecte, l&rsquo;utilisation, la communication ou la conservation est interdite<\/p><p style=\"padding-left: 40px;\">\u2022 Droit de retirer \u00e0 tout moment un consentement (article 13-2c RGPD)<\/p><p style=\"padding-left: 40px;\">\u2022 Droit \u00e0 la limitation du traitement des donn\u00e9es des utilisateurs (article 18 RGPD)<\/p><p style=\"padding-left: 40px;\">\u2022 Droit d\u2019opposition au traitement des donn\u00e9es des utilisateurs (article 21 RGPD)<\/p><p style=\"padding-left: 40px;\">\u2022 Droit \u00e0 la portabilit\u00e9 des donn\u00e9es que les utilisateurs auront fournies, lorsque ces donn\u00e9es font l\u2019objet de traitements automatis\u00e9s fond\u00e9s sur leur consentement ou sur un contrat (article 20 RGPD)<\/p><p>\u00a0<\/p><p><strong>4. Partage et divulgation des donn\u00e9es<\/strong><\/p><p>\u00a0<\/p><p>Crosslog International s\u2019engage \u00e0 ne pas vendre, louer, c\u00e9der ou donner acc\u00e8s \u00e0 des tiers \u00e0 vos donn\u00e9es sans consentement pr\u00e9alable, \u00e0 moins d\u2019y \u00eatre contrainte en raison d\u2019une exigence l\u00e9gale.<\/p><p>\u00a0<\/p><p><strong>5. S\u00e9curit\u00e9 et confidentialit\u00e9<\/strong><\/p><p>\u00a0<\/p><p>Crosslog International met en \u0153uvre toutes les mesures techniques et organisationnelles n\u00e9cessaires afin de garantir la s\u00e9curit\u00e9 et la confidentialit\u00e9 des donn\u00e9es \u00e0 caract\u00e8re personnel collect\u00e9es et trait\u00e9es, et notamment pour emp\u00eacher qu\u2019elles soient d\u00e9form\u00e9es, endommag\u00e9es, ou que des tiers non autoris\u00e9s y aient acc\u00e8s.<\/p><p>\u00a0<\/p><p><strong>6. Modification de la politique de confidentialit\u00e9<\/strong><\/p><p>\u00a0<\/p><p>Cette Politique peut \u00eatre consult\u00e9e \u00e0 tout moment sur le site de Crosslog International. Nous nous r\u00e9servons le droit de la modifier afin de garantir sa conformit\u00e9 avec le droit en vigueur. Par cons\u00e9quent, vous \u00eates invit\u00e9 \u00e0 venir consulter r\u00e9guli\u00e8rement cette politique afin de vous tenir inform\u00e9 des changements les plus r\u00e9cents.<\/p><p>\u00a0<\/p><p><strong>7. Contact<\/strong><\/p><p>\u00a0<\/p><p>Pour toute question relative \u00e0 cette politique de confidentialit\u00e9 ou pour toute demande relative \u00e0 vos donn\u00e9es personnelles, vous pouvez nous contacter en envoyant un email \u00e0 service.client@crosslog.fr ou par courrier \u00e0 Crosslog International SA, 40 Rue d&rsquo;Arcueil, 94150 Rungis, France.<\/p>\t\t\t\t\t\t<\/div>\n\t\t\t\t<\/div>\n\t\t\t\t\t<\/div>\n\t\t<\/div>\n\t\t\t\t\t<\/div>\n\t\t<\/section>\n\t\t\t\t<\/div>\n\t\t","protected":false},"excerpt":{"rendered":"<p>Politique de confidentialit\u00e9 et Protection des donn\u00e9es personnelles Crosslog International Derni\u00e8re mise \u00e0 jour : 27 f\u00e9vrier 2024 La pr\u00e9sente politique de confidentialit\u00e9 et [&hellip;]<\/p>\n","protected":false},"author":1,"featured_media":0,"parent":0,"menu_order":0,"comment_status":"closed","ping_status":"closed","template":"","meta":{"footnotes":""},"class_list":["post-4023","page","type-page","status-publish","hentry"],"acf":{"full_width":true,"header_transparent":false,"header_white":false},"yoast_head":"<!-- This site is optimized with the Yoast SEO plugin v24.0 - https:\/\/yoast.com\/wordpress\/plugins\/seo\/ -->\n<title>Politique de confidentialit\u00e9 Crosslog International -<\/title>\n<meta name=\"description\" content=\"La politique de confidentialit\u00e9 de Crosslog International concernant la collecte, le traitement et la protection des donn\u00e9es personnelles.\" \/>\n<meta name=\"robots\" content=\"index, follow, max-snippet:-1, max-image-preview:large, max-video-preview:-1\" \/>\n<link rel=\"canonical\" href=\"https:\/\/crosslog.com\/2023\/politique-de-confidentialite-crosslog-international\/\" \/>\n<meta property=\"og:locale\" content=\"fr_FR\" \/>\n<meta property=\"og:type\" content=\"article\" \/>\n<meta property=\"og:title\" content=\"Politique de confidentialit\u00e9 Crosslog International -\" \/>\n<meta property=\"og:description\" content=\"La politique de confidentialit\u00e9 de Crosslog International concernant la collecte, le traitement et la protection des donn\u00e9es personnelles.\" \/>\n<meta property=\"og:url\" content=\"https:\/\/crosslog.com\/2023\/politique-de-confidentialite-crosslog-international\/\" \/>\n<meta property=\"og:site_name\" content=\"Crosslog International\" \/>\n<meta property=\"article:modified_time\" content=\"2024-11-29T09:41:25+00:00\" \/>\n<meta name=\"twitter:card\" content=\"summary_large_image\" \/>\n<meta name=\"twitter:label1\" content=\"Dur\u00e9e de lecture estim\u00e9e\" \/>\n\t<meta name=\"twitter:data1\" content=\"4 minutes\" \/>\n<script type=\"application\/ld+json\" class=\"yoast-schema-graph\">{\"@context\":\"https:\/\/schema.org\",\"@graph\":[{\"@type\":\"WebPage\",\"@id\":\"https:\/\/crosslog.com\/2023\/politique-de-confidentialite-crosslog-international\/\",\"url\":\"https:\/\/crosslog.com\/2023\/politique-de-confidentialite-crosslog-international\/\",\"name\":\"Politique de confidentialit\u00e9 Crosslog International -\",\"isPartOf\":{\"@id\":\"https:\/\/crosslog.com\/2023\/#website\"},\"datePublished\":\"2023-10-18T10:47:26+00:00\",\"dateModified\":\"2024-11-29T09:41:25+00:00\",\"description\":\"La politique de confidentialit\u00e9 de Crosslog International concernant la collecte, le traitement et la protection des donn\u00e9es personnelles.\",\"inLanguage\":\"fr-FR\",\"potentialAction\":[{\"@type\":\"ReadAction\",\"target\":[\"https:\/\/crosslog.com\/2023\/politique-de-confidentialite-crosslog-international\/\"]}]},{\"@type\":\"WebSite\",\"@id\":\"https:\/\/crosslog.com\/2023\/#website\",\"url\":\"https:\/\/crosslog.com\/2023\/\",\"name\":\"Crosslog International\",\"description\":\"Votre Partenaire Strat\u00e9gique en Logistique E-commerce et Omnicanal\",\"potentialAction\":[{\"@type\":\"SearchAction\",\"target\":{\"@type\":\"EntryPoint\",\"urlTemplate\":\"https:\/\/crosslog.com\/2023\/?s={search_term_string}\"},\"query-input\":{\"@type\":\"PropertyValueSpecification\",\"valueRequired\":true,\"valueName\":\"search_term_string\"}}],\"inLanguage\":\"fr-FR\"}]}<\/script>\n<!-- \/ Yoast SEO plugin. -->","yoast_head_json":{"title":"Politique de confidentialit\u00e9 Crosslog International -","description":"La politique de confidentialit\u00e9 de Crosslog International concernant la collecte, le traitement et la protection des donn\u00e9es personnelles.","robots":{"index":"index","follow":"follow","max-snippet":"max-snippet:-1","max-image-preview":"max-image-preview:large","max-video-preview":"max-video-preview:-1"},"canonical":"https:\/\/crosslog.com\/2023\/politique-de-confidentialite-crosslog-international\/","og_locale":"fr_FR","og_type":"article","og_title":"Politique de confidentialit\u00e9 Crosslog International -","og_description":"La politique de confidentialit\u00e9 de Crosslog International concernant la collecte, le traitement et la protection des donn\u00e9es personnelles.","og_url":"https:\/\/crosslog.com\/2023\/politique-de-confidentialite-crosslog-international\/","og_site_name":"Crosslog International","article_modified_time":"2024-11-29T09:41:25+00:00","twitter_card":"summary_large_image","twitter_misc":{"Dur\u00e9e de lecture estim\u00e9e":"4 minutes"},"schema":{"@context":"https:\/\/schema.org","@graph":[{"@type":"WebPage","@id":"https:\/\/crosslog.com\/2023\/politique-de-confidentialite-crosslog-international\/","url":"https:\/\/crosslog.com\/2023\/politique-de-confidentialite-crosslog-international\/","name":"Politique de confidentialit\u00e9 Crosslog International -","isPartOf":{"@id":"https:\/\/crosslog.com\/2023\/#website"},"datePublished":"2023-10-18T10:47:26+00:00","dateModified":"2024-11-29T09:41:25+00:00","description":"La politique de confidentialit\u00e9 de Crosslog International concernant la collecte, le traitement et la protection des donn\u00e9es personnelles.","inLanguage":"fr-FR","potentialAction":[{"@type":"ReadAction","target":["https:\/\/crosslog.com\/2023\/politique-de-confidentialite-crosslog-international\/"]}]},{"@type":"WebSite","@id":"https:\/\/crosslog.com\/2023\/#website","url":"https:\/\/crosslog.com\/2023\/","name":"Crosslog International","description":"Votre Partenaire Strat\u00e9gique en Logistique E-commerce et Omnicanal","potentialAction":[{"@type":"SearchAction","target":{"@type":"EntryPoint","urlTemplate":"https:\/\/crosslog.com\/2023\/?s={search_term_string}"},"query-input":{"@type":"PropertyValueSpecification","valueRequired":true,"valueName":"search_term_string"}}],"inLanguage":"fr-FR"}]}},"_links":{"self":[{"href":"https:\/\/crosslog.com\/2023\/wp-json\/wp\/v2\/pages\/4023","targetHints":{"allow":["GET"]}}],"collection":[{"href":"https:\/\/crosslog.com\/2023\/wp-json\/wp\/v2\/pages"}],"about":[{"href":"https:\/\/crosslog.com\/2023\/wp-json\/wp\/v2\/types\/page"}],"author":[{"embeddable":true,"href":"https:\/\/crosslog.com\/2023\/wp-json\/wp\/v2\/users\/1"}],"replies":[{"embeddable":true,"href":"https:\/\/crosslog.com\/2023\/wp-json\/wp\/v2\/comments?post=4023"}],"version-history":[{"count":22,"href":"https:\/\/crosslog.com\/2023\/wp-json\/wp\/v2\/pages\/4023\/revisions"}],"predecessor-version":[{"id":6197,"href":"https:\/\/crosslog.com\/2023\/wp-json\/wp\/v2\/pages\/4023\/revisions\/6197"}],"wp:attachment":[{"href":"https:\/\/crosslog.com\/2023\/wp-json\/wp\/v2\/media?parent=4023"}],"curies":[{"name":"wp","href":"https:\/\/api.w.org\/{rel}","templated":true}]}}